et b be 1*4/(-6)*k. Let p(u) = -2*u + 2. Let r be p(b). Calculate the highest common divisor of r and 100.
10
Let v(i) = i**3 + 9*i**2 + 13*i - 3. Let l be v(-7). Calculate the highest common divisor of 44 and l.
4
Let q(d) = 2*d + 8. Let s be q(-4). Suppose -3*r = u - 6*u - 48, s = -3*r - 5*u + 18. Calculate the greatest common divisor of r and 99.
11
Suppose 4*f = 7*f + 315. Let u be 194/14 - 15/f. Suppose 3*w = -0*w - 9, 4*d + w = 109. What is the greatest common factor of d and u?
14
Let b = -12 - -4. Let y = -7 - b. Let j be ((0 - -6) + -1)*y. Calculate the greatest common divisor of 2 and j.
1
Let k(o) = o**3 + 6*o**2 + 10. Let p be k(-5). Let x = p + 0. Calculate the greatest common divisor of x and 7.
7
Let s = 80 + -70. Calculate the greatest common divisor of s and 30.
10
Let a(x) = -8*x + 1. Let v be a(-1). Suppose -5*n = 5*o - 4 + 24, 3*n + 17 = 2*o. Let m = n + v. What is the highest common divisor of 32 and m?
4
Let j = -13 + 38. What is the greatest common divisor of 225 and j?
25
Let f = -7 + 12. Suppose f*n - 50 = -140. Let a = n + 27. Calculate the highest common divisor of 3 and a.
3
Let q = 144 + 180. What is the highest common divisor of 36 and q?
36
Let v be (-14)/21*(-87)/2. Let z = v - 24. What is the highest common divisor of 5 and z?
5
Suppose -3*j - 1 = -2*f - 3, 5*j - 3 = 3*f. Suppose 0 = 3*h - 10 - 11. Let y = j + h. What is the greatest common factor of y and 7?
7
Let o be 5/(1 - 6/4). Let v = o - -40. Calculate the greatest common divisor of 20 and v.
10
Let z be ((-6)/(-8))/((-2)/(-16)). Let y = 11 + -15. Let i be (30/4)/((-2)/y). Calculate the greatest common factor of i and z.
3
Let h be 220/12 + (-3)/9. Suppose 5*i - 22 = h. What is the greatest common factor of 40 and i?
8
Suppose 2*s = -5 - 5. Let t(a) = -a**3 - 5*a**2 - 3*a + 1. Let f be t(s). Let o = f - 11. Calculate the highest common divisor of o and 5.
5
Suppose 6 + 2 = 4*g. Suppose 3*u + g*f = -2*f + 40, 22 = 2*u - 2*f. Calculate the greatest common divisor of u and 48.
12
Let k be (-50)/75*15/(-2). Calculate the highest common factor of k and 5.
5
Let y be 2/7 + (-165)/(-35). Suppose 55 = y*p + 20. Let l(i) = -i**3 + 7*i**2 + 2*i + 4. Let n be l(p). What is the highest common factor of n and 6?
6
Let w = 2 - 0. Suppose 0 = -2*j - 0*j + w*y + 6, 3 = 2*j + y. Let g(r) = r**3 - 8*r**2 + 8*r + 11. Let i be g(7). What is the highest common factor of j and i?
2
Suppose 2*p = n - 7, -19 = n - 4*n + 5*p. Let s(m) = 2*m**3 - 3*m**2 + 6. Let c be s(n). What is the highest common divisor of c and 3?
3
Let v = -13 + 25. Let u(b) = 2*b**2 + 2*b + 1. Let s be u(-1). Suppose 2*r - 73 = -s. Calculate the highest common divisor of r and v.
12
Suppose -2*v - 12 = -38. Calculate the highest common divisor of 52 and v.
13
Suppose 2*p - 28 - 56 = 0. What is the highest common factor of 63 and p?
21
Let c(y) = -13*y - 8. Let r be c(7). Let d = 180 + r. Suppose 5*l + 4*g - d = 0, 3*l + l - 2*g - 44 = 0. Calculate the greatest common factor of l and 13.
13
Let w(q) = 5*q**3 - q**2 + 2*q - 1. Let l be w(1). Suppose 2*c = l*c - 234. What is the greatest common factor of c and 13?
13
Suppose 2*f - f = 2*i + 22, 5*i + 15 = 0. Calculate the highest common factor of f and 128.
16
Let y = 23 + -20. Calculate the highest common factor of y and 33.
3
Let u be -1 - 3/(-6)*14. Let h(c) = -c**2 + 7*c + 1. Let o be h(u). What is the greatest common factor of 35 and o?
7
Let t = 1 + 1. Suppose 2*k = -t*u + 146, 3*k - 46 = u - 127. Calculate the highest common divisor of 30 and u.
15
Suppose -4*k + 109 = 5*z + 34, 2*k - 42 = 2*z. Calculate the highest common factor of k and 180.
20
Let o(s) = -s**3 - 3*s**2 + 4*s - 11. Let p be o(-5). What is the greatest common divisor of 95 and p?
19
Let l be 16/6*(20 - 2). Calculate the greatest common factor of l and 72.
24
Let o be 354/10 + (-16)/40. Calculate the greatest common factor of o and 7.
7
Suppose -8*v + 37 = -3*v - 4*o, 0 = -4*o - 12. Suppose v*f + 122 = 37. Let k = 1 - f. What is the greatest common divisor of k and 198?
18
Let n = -11 + 11. Suppose -4*f - 2*b + 360 = -n*f, 256 = 3*f - 2*b. What is the greatest common divisor of f and 22?
22
Let t be 91 + 0/(2/2). Let n = t - 52. Let b = n + -15. What is the highest common divisor of b and 8?
8
Let j be ((-4)/3)/((-2)/15). Suppose 0 = -4*y + 159 + 41. What is the greatest common factor of j and y?
10
Let r(m) = m**3 - 3*m**2 - 3*m + 4. Let p be r(5). Suppose -p = -5*t + 46. Let b = -5 + t. What is the highest common factor of b and 30?
6
Let a = -9 + 11. Suppose 0 = a*l - 4. What is the highest common factor of 6 and l?
2
Let k = -58 - -73. Calculate the greatest common divisor of k and 3.
3
Suppose 12*r = -56 + 5456. What is the highest common factor of r and 45?
45
Suppose -8 = -3*f + 4. What is the greatest common divisor of f and 4?
4
Suppose s + 3*s - 9 = z, -5*s - 5*z + 30 = 0. Let j be (s - (6 - 1)) + 3. Calculate the greatest common divisor of j and 2.
1
Let l = 144 - 72. Suppose 141 = 4*a + 3*w, -4*a + 0*w - 5*w = -131. Suppose 3 - a = -4*z. What is the highest common divisor of l and z?
9
Suppose -50 = -8*n + 3*n. Suppose -h - 4*h = -n. Let a be (2/4)/(h/4). What is the greatest common divisor of 8 and a?
1
Suppose -3*p = n + 8, n + 9 = -4*p - 3. Suppose 0 = -n*t + 3*d + 226, -1 = -d - 3. Calculate the greatest common factor of 5 and t.
5
Let w(k) = k - 9. Let q be w(12). Calculate the greatest common divisor of q and 48.
3
Suppose 2*l + 38 = 2. Let i be 4/18 + (-104)/l. What is the highest common divisor of i and 3?
3
Let g be (-2470)/(-209) + (-2)/(-11). What is the greatest common divisor of 16 and g?
4
Let w = 52 + -22. Suppose -2*b = -0*g + g - w, -5*g = -5*b - 105. Suppose -15 = -4*d - d. Calculate the highest common divisor of d and g.
3
Let h be (-6 + 3)/(6/(-20)). Suppose -115 = -q - 5*k, -3*q + 0*k = -k - 265. Calculate the highest common factor of h and q.
10
Suppose -2*n = -4*n + 60. Suppose 0 = 7*z - 2*z - n. Let q(w) = -2*w + 6. Let r be q(-6). What is the highest common divisor of r and z?
6
Suppose -b - 6*n + 4*n = -44, 4*b - 190 = -n. Let i = b - 33. What is the highest common divisor of 120 and i?
15
Suppose -2 = -3*k + 34. Calculate the greatest common factor of k and 12.
12
Let u(z) = z**3 + 8*z**2 - 3*z + 9. Let t(p) = -p**2 + p + 4. Let n be t(-3). Let k be u(n). What is the highest common factor of 22 and k?
11
Let d be (-3 - -4)*1 + 118. What is the highest common divisor of 17 and d?
17
Suppose 0 = 4*z - 2 - 6, r - 2*z = 10. Let y(o) = o**3 - 6*o**2 + 5*o + 2. Let a be y(5). What is the highest common factor of a and r?
2
Let a be (0 + -1)/((-2)/8). Suppose a = 2*t + 2. Calculate the greatest common divisor of 4 and t.
1
Suppose -4*b + 2*b = -4. Let z(y) = 10 - y**2 + 8*y + 0*y**b + 10*y. Let h be z(8). What is the greatest common factor of 10 and h?
10
Let f(z) = z**3 + 3*z**2 - 10*z + 1. Let r be f(-5). What is the greatest common divisor of 11 and r?
1
Let s(c) = -23*c - 1. Let w be s(2). Let y = 71 + w. Calculate the highest common factor of y and 6.
6
Let r be -188*(0 + (-4)/8). Calculate the highest common factor of r and 235.
47
Let x = -9 - -23. Let r be 100/7 - (-2)/(-7). What is the highest common factor of x and r?
14
Suppose t - 2*t = 151. Let c = -73 - t. Calculate the highest common divisor of c and 52.
26
Let a = 74 + -44. Calculate the highest common factor of 15 and a.
15
Suppose 7*l - 60 = 2*l. Let z = l + -4. Let b(d) = -d**3 + 10*d**2 - 4*d - 13. Let i be b(9). Calculate the greatest common factor of z and i.
8
Suppose 11*i - 583 = -44. Let a be ((-42)/(-30))/((-1)/(-5)). Calculate the highest common divisor of a and i.
7
Suppose 4*r + 0*r - 8 = 0. Suppose -3*q + 451 = n + n, 279 = r*q - 3*n. What is the greatest common factor of q and 21?
21
Let q(r) = 3*r - 9. Let v = 26 - 18. Let t be q(v). Suppose 0 = -5*x + t, -z + 87 = 2*z + 2*x. What is the highest common divisor of z and 9?
9
Let p be 8*3/3*1. Suppose p = 2*s + 2*i, 0 = -s - 4*i - i - 8. Let r(b) = -5*b + 14. Let n be r(-7). What is the greatest common divisor of s and n?
7
Let o(d) = 2*d**2 - 8*d + 6. Let i be o(6). Calculate the greatest common divisor of 90 and i.
30
Let w(x) = x**3 + 2*x - 4*x**2 + 3 + x**2 + 0*x**2. Suppose -k - 1 = -4. Let v be w(k). What is the g